to base 14.
11
What is -2 (base 9) in base 12?
-2
What is 169 (base 10) in base 8?
251
Convert -49 (base 10) to base 13.
-3a
Convert 0 (base 12) to base 6.
0
What is -7 (base 10) in base 4?
-13
-6 (base 8) to base 16
-6
Convert -10011010 (base 2) to base 16.
-9a
Convert -2 (base 9) to base 2.
-10
Convert -34 (base 9) to base 2.
-11111
Convert 0 (base 14) to base 13.
0
Convert -3 (base 10) to base 11.
-3
What is 27 (base 9) in base 6?
41
What is 14 (base 6) in base 10?
10
Convert 100 (base 6) to base 3.
1100
c2 (base 16) to base 8
302
331 (base 6) to base 16
7f
0 (base 12) to base 15
0
203 (base 5) to base 13
41
What is -502 (base 7) in base 13?
-160
Convert -1021 (base 5) to base 15.
-91
1 (base 5) to base 15
1
Convert 201 (base 3) to base 4.
103
10 (base 4) to base 6
4
What is -49 (base 11) in base 2?
-110101
What is 30 (base 10) in base 13?
24
What is 242 (base 5) in base 4?
1020
Convert -14 (base 9) to base 6.
-21
What is -6 (base 14) in base 10?
-6
What is -1120 (base 3) in base 14?
-30
Convert -110 (base 5) to base 9.
-33
What is -15 (base 11) in base 13?
-13
What is -13 (base 10) in base 5?
-23
Convert 2a (base 14) to base 16.
26
-2 (base 12) to base 3
-2
75 (base 14) to base 2
1100111
What is 22 (base 4) in base 8?
12
What is -131 (base 5) in base 8?
-51
-2 (base 13) to base 2
-10
Convert 0 (base 6) to base 14.
0
What is -1 (base 13) in base 4?
-1
-6 (base 8) to base 12
-6
-75 (base 13) to base 10
-96
What is -11002 (base 3) in base 13?
-86
Convert 7f (base 16) to base 15.
87
Convert -111 (base 2) to base 8.
-7
Convert -1223 (base 4) to base 8.
-153
Convert -1 (base 14) to base 10.
-1
What is 45 (base 7) in base 2?
100001
12 (base 13) to base 3
120
What is b6 (base 14) in base 15?
aa
10 (base 4) to base 9
4
What is 1 (base 4) in base 13?
1
What is 3 (base 14) in base 13?
3
What is 31 (base 5) in base 8?
20
Convert -58 (base 13) to base 8.
-111
41 (base 6) to base 11
23
What is -3 (base 14) in base 11?
-3
-b (base 16) to base 9
-12
Convert -3 (base 6) to base 7.
-3
What is 0 (base 7) in base 14?
0
5 (base 12) to base 2
101
What is 17 (base 12) in base 13?
16
Convert 2 (base 5) to base 10.
2
-115 (base 8) to base 4
-1031
-3 (base 14) to base 13
-3
What is 172 (base 9) in base 5?
1041
-11 (base 3) to base 12
-4
Convert 42 (base 12) to base 3.
1212
What is -e (base 15) in base 12?
-12
Convert -1 (base 5) to base 4.
-1
Convert 3c (base 14) to base 5.
204
Convert 303 (base 4) to base 13.
3c
-3 (base 7) to base 16
-3
What is 20 (base 7) in base 16?
e
Convert -5 (base 9) to base 14.
-5
Convert -102 (base 14) to base 2.
-11000110
What is 1 (base 16) in base 7?
1
Convert 7 (base 11) to base 4.
13
-11 (base 3) to base 15
-4
-61 (base 8) to base 13
-3a
What is -10 (base 4) in base 13?
-4
What is 7 (base 12) in base 13?
7
11 (base 10) to base 8
13
What is 5 (base 15) in base 5?
10
Convert -5 (base 15) to base 3.
-12
Convert 44 (base 6) to base 3.
1001
What is 2 (base 11) in base 13?
2
2a (base 12) to base 8
42
What is -15 (base 7) in base 11?
-11
What is 83 (base 12) in base 7?
201
Convert -3 (base 15) to base 7.
-3
What is 4a (base 12) in base 8?
72
13 (base 7) to base 12
a
-2201 (base 4) to base 8
-241
Convert a (base 11) to base 4.
22
What is 3 (base 4) in base 6?
3
What is 53 (base 7) in base 8?
46
1101 (base 2) to base 3
111
-70 (base 14) to base 12
-82
Convert 7 (base 13) to base 2.
111
-354 (base 8) to base 5
-1421
Convert -17 (base 16) to base 2.
-10111
What is -120 (base 6) in base 8?
-60
What is -5 (base 7) in base 5?
-10
34 (base 8) to base 5
103
Convert -31 (base 4) to base 9.
-14
-11 (base 7) to base 15
-8
What is 101001 (base 2) in base 11?
38
-2 (base 10) to base 7
-2
0 (base 12) to base 4
0
What is 3 (base 5) in base 8?
3
Convert 2a (base 12) to base 7.
46
-2221 (base 3) to base 2
-1001111
What is -301 (base 7) in base 10?
-148
Convert -73 (base 14) to base 16.
-65
Convert -20 (base 3) to base 14.
-6
What is -cb (base 14) in base 10?
-179
Convert 2 (base 7) to base 11.
2
20 (base 14) to base 2
11100
Convert -72 (base 13) to base 4.
-1131
What is 7 (base 16) in base 14?
7
-75 (base 10) to base 2
-1001011
Convert 22 (base 4) to base 12.
a
Convert b1 (base 13) to base 14.
a4
-11 (base 5) to base 12
-6
What is 543 (base 7) in base 3?
101020
26 (base 10) to base 12
22
What is -21 (base 13) in base 9?
-30
-5 (base 13) to base 7
-5
-4 (base 8) to base 5
-4
What is -6a (base 11) in base 3?
-2211
What is 5 (base 8) in base 12?
5
Convert -5e (base 16) to base 10.
-94
18 (base 11) to base 6
31
What is -2 (base 11) in base 4?
-2
What is 12 (base 8) in base 16?
a
-2 (base 7) to base 6
-2
What is -4 (base 9) in base 16?
-4
-360 (base 7) to base 10
-189
1a3 (base 11) to base 13
150
What is -36 (base 8) in base 5?
-110
What is 122 (base 7) in base 16?
41
What is -3 (base 14) in base 2?
-11
What is 24 (base 5) in base 3?
112
What is 10000110 (base 2) in base 5?
1014
What is 282 (base 9) in base 15?
10b
Convert -351 (base 6) to base 7.
-256
Convert -152 (base 6) to base 8.
-104
Convert -4 (base 12) to base 8.
-4
Convert 2 (base 16) to base 10.
2
What is -6 (base 7) in base 11?
-6
What is 7 (base 14) in base 5?
12
What is 113 (base 7) in base 2?
111011
What is 121 (base 10) in base 7?
232
115 (base 8) to base 13
5c
Convert -3 (base 6) to base 16.
-3
-3 (base 5) to base 4
-3
-111 (base 3) to base 2
-1101
What is -2 (base 16) in base 2?
-10
-a (base 12) to base 10
-10
Convert -11 (base 5) to base 16.
-6
What is -3 (base 12) in base 2?
-11
What is -2 (base 11) in base 16?
-2
Convert -23 (base 11) to base 16.
-19
What is -11 (base 15) in base 8?
-20
Convert -222 (base 4) to base 7.
-60
Convert -2 (base 16) to base 6.
-2
Convert 3a (base 11) to base 2.
101011
-2 (base 4) to base 2
-10
Convert -12 (base 9) to base 4.
-23
-2120 (base 4) to base 6
-412
111 (base 3) to base 14
d
What is -4 (base 13) in base 3?
-11
Convert -3 (base 6) to base 8.
-3
What is -8 (base 15) in base 2?
-1000
What is 100101 (base 2) in base 15?
27
306 (base 8) to base 15
d3
2 (base 9) to base 12
2
What is 1 (base 10) in base 11?
1
What is -12 (base 7) in base 14?
-9
Convert 1 (base 9) to base 4.
1
Convert 3 (base 11) to base 10.
3
What is -52 (base 6) in base 9?
-35
What is -2 (base 7) in base 5?
-2
What is 72 (base 12) in base 7?
152
What is 31 (base 15) in base 10?
46
-11 (base 3) to base 10
-4
What is 122 (base 6) in base 10?
50
What is 64 (base 16) in base 15?
6a
71 (base 10) to base 12
5b
Convert -85 (base 9) to base 15.
-52
22111 (base 3) to base 12
171
What is 168 (base 11) in base 13?
120
Convert -2 (base 7) to base 6.
-2
Convert 1 (base 8) to base 16.
1
What is 2122 (base 3) in base 16?
47
Convert 604 (base 7) to base 5.
2143
Convert -1b (base 12) to base 10.
-23
Convert 202 (base 7) to base 9.
121
-14 (base 5) to base 10
-9
Convert 7 (base 10) to base 9.
7
28 (base 11) to base 4
132
Convert 1002 (base 4) to base 11.
60
What is 226 (base 7) in base 8?
166
What is 11 (base 5) in base 3?
20
Convert 25 (base 8) to base 16.
15
5 (base 16) to base 12
5
Convert 121 (base 12) to base 16.
a9
110 (base 2) to base 3
20
-112 (base 3) to base 12
-12
-41 (base 16) to base 4
-1001
-67 (base 11) to base 16
-49
1001110 (base 2) to base 9
86
0 (base 4) to base 12
0
26 (base 10) to base 8
32
12 (base 13) to base 7
21
Convert aa (base 13) to base 5.
1030
Convert 2 (base 4) to base 5.
2
What is -a3 (base 11) in base 2?
-1110001
What is 3 (base 15) in base 12?
3
What is 2 (base 3) in base 2?
10
What is -23 (base 4) in base 16?
-b
2101 (base 5) to base 11
231
Convert -10 (base 4) to base 6.
-4
What is a (base 16) in base 7?
13
18 (base 11) to base 16
13
What is -d (base 16) in base 9?
-14
What is 0 (base 16) in base 8?
0
Convert 13 (base 12) to base 3.
120
Convert 42 (base 6) to base 12.
22
What is 1a (base 14) in base 11?
22
12 (base 13) to base 3
120
Convert -240 (base 8) to base 10.
-160
What is -315 (base 7) in base 3?
-12220
What is -1 (base 5) in base 3?
-1
What is 21 (base 4) in base 5?
14
What is -8e (base 15) in base 8?
-206
Convert 56 (base 9) to base 5.
201
-11 (base 6) to base 3
-21
-33 (base 10) to base 3
-1020
Convert -120 (base 4) to base 9.
-26
6 (base 16) to base 4
12
Convert 40 (base 5) to base 14.
16
What is -2 (base 12) in base 9?
-2
-23 (base 4) to base 14
-b
What is 37 (b